{"id":797,"date":"2023-01-19T22:38:00","date_gmt":"2023-01-20T03:38:00","guid":{"rendered":"https:\/\/mglashes.ca\/distribution\/?post_type=product&#038;p=797"},"modified":"2026-02-04T20:39:42","modified_gmt":"2026-02-05T01:39:42","slug":"fell-in-love-with-a-swirl","status":"publish","type":"product","link":"https:\/\/mglashes.ca\/distribution\/produit\/fell-in-love-with-a-swirl\/","title":{"rendered":"FELL IN LOVE WITH A SWIRL"},"content":{"rendered":"","protected":false},"excerpt":{"rendered":"<p><strong>FELL IN LOVE WITH A SWIRL<\/strong><\/p>\n<p>Ce que chaque fille souhaite pour la Saint Valentin! Cette beaut\u00e9 rose est remplie d&rsquo;un parfum de rose cr\u00e9meux et garnie de cacao pur et de beurre de karit\u00e9 qui travaillent ensemble pour cr\u00e9er un bain luxueux pas comme les autres! Alors asseyez-vous et trempez-vous dans un bain scintillant aux huiles essentielles romantiques de rose et de sauge sclar\u00e9e.<\/p>\n<p>&nbsp;<\/p>\n<p>Mode d&#8217;emploi:\u00a0D\u00e9posez votre bombe de bain dans un bain d&rsquo;eau ti\u00e8de et observez-la p\u00e9tiller, lib\u00e9rant son parfum et ses huiles essentielles, tandis que le bicarbonate de soude adoucit l&rsquo;eau. Bien rincer le bain apr\u00e8s\u00a0utilisation.<\/p>\n<p>&nbsp;<\/p>\n<p>160g<\/p>\n","protected":false},"featured_media":832,"comment_status":"open","ping_status":"closed","template":"","meta":{"_et_pb_use_builder":"","_et_pb_old_content":"","_et_gb_content_width":""},"product_brand":[],"product_cat":[80],"product_tag":[100],"class_list":{"0":"post-797","1":"product","2":"type-product","3":"status-publish","4":"has-post-thumbnail","6":"product_cat-bombes-de-bain","7":"product_tag-fell-in-love-with-a-swirl","9":"first","10":"outofstock","11":"taxable","12":"shipping-taxable","13":"purchasable","14":"product-type-simple"},"jetpack_sharing_enabled":true,"_links":{"self":[{"href":"https:\/\/mglashes.ca\/distribution\/wp-json\/wp\/v2\/product\/797","targetHints":{"allow":["GET"]}}],"collection":[{"href":"https:\/\/mglashes.ca\/distribution\/wp-json\/wp\/v2\/product"}],"about":[{"href":"https:\/\/mglashes.ca\/distribution\/wp-json\/wp\/v2\/types\/product"}],"replies":[{"embeddable":true,"href":"https:\/\/mglashes.ca\/distribution\/wp-json\/wp\/v2\/comments?post=797"}],"wp:featuredmedia":[{"embeddable":true,"href":"https:\/\/mglashes.ca\/distribution\/wp-json\/wp\/v2\/media\/832"}],"wp:attachment":[{"href":"https:\/\/mglashes.ca\/distribution\/wp-json\/wp\/v2\/media?parent=797"}],"wp:term":[{"taxonomy":"product_brand","embeddable":true,"href":"https:\/\/mglashes.ca\/distribution\/wp-json\/wp\/v2\/product_brand?post=797"},{"taxonomy":"product_cat","embeddable":true,"href":"https:\/\/mglashes.ca\/distribution\/wp-json\/wp\/v2\/product_cat?post=797"},{"taxonomy":"product_tag","embeddable":true,"href":"https:\/\/mglashes.ca\/distribution\/wp-json\/wp\/v2\/product_tag?post=797"}],"curies":[{"name":"wp","href":"https:\/\/api.w.org\/{rel}","templated":true}]}}