{"id":794,"date":"2023-01-19T22:38:00","date_gmt":"2023-01-20T03:38:00","guid":{"rendered":"https:\/\/mglashes.ca\/distribution\/?post_type=product&#038;p=794"},"modified":"2026-03-03T11:27:12","modified_gmt":"2026-03-03T16:27:12","slug":"demaquillant-liquide","status":"publish","type":"product","link":"https:\/\/mglashes.ca\/distribution\/produit\/demaquillant-liquide\/","title":{"rendered":"D\u00e9maquillant liquide"},"content":{"rendered":"","protected":false},"excerpt":{"rendered":"<p>Format sp\u00e9cialement con\u00e7u pour celles qui utilisent du crayon ou eyeliner pour les yeux.<\/p>\n<p>Il est facile \u00e0 utiliser avec cotton-tige ou brosse micro-fibres et sans danger pour les extensions de cils.<\/p>\n","protected":false},"featured_media":829,"comment_status":"open","ping_status":"closed","template":"","meta":{"_et_pb_use_builder":"","_et_pb_old_content":"","_et_gb_content_width":""},"product_brand":[],"product_cat":[81,366,218],"product_tag":[94],"class_list":{"0":"post-794","1":"product","2":"type-product","3":"status-publish","4":"has-post-thumbnail","6":"product_cat-jb-lashes","7":"product_cat-shampooing","8":"product_cat-soin-des-cils","9":"product_tag-demaquillant-liquide","10":"product_shipping_class-forfait","12":"first","13":"instock","14":"taxable","15":"shipping-taxable","16":"purchasable","17":"product-type-simple"},"jetpack_sharing_enabled":true,"_links":{"self":[{"href":"https:\/\/mglashes.ca\/distribution\/wp-json\/wp\/v2\/product\/794","targetHints":{"allow":["GET"]}}],"collection":[{"href":"https:\/\/mglashes.ca\/distribution\/wp-json\/wp\/v2\/product"}],"about":[{"href":"https:\/\/mglashes.ca\/distribution\/wp-json\/wp\/v2\/types\/product"}],"replies":[{"embeddable":true,"href":"https:\/\/mglashes.ca\/distribution\/wp-json\/wp\/v2\/comments?post=794"}],"wp:featuredmedia":[{"embeddable":true,"href":"https:\/\/mglashes.ca\/distribution\/wp-json\/wp\/v2\/media\/829"}],"wp:attachment":[{"href":"https:\/\/mglashes.ca\/distribution\/wp-json\/wp\/v2\/media?parent=794"}],"wp:term":[{"taxonomy":"product_brand","embeddable":true,"href":"https:\/\/mglashes.ca\/distribution\/wp-json\/wp\/v2\/product_brand?post=794"},{"taxonomy":"product_cat","embeddable":true,"href":"https:\/\/mglashes.ca\/distribution\/wp-json\/wp\/v2\/product_cat?post=794"},{"taxonomy":"product_tag","embeddable":true,"href":"https:\/\/mglashes.ca\/distribution\/wp-json\/wp\/v2\/product_tag?post=794"}],"curies":[{"name":"wp","href":"https:\/\/api.w.org\/{rel}","templated":true}]}}