{"id":785,"date":"2023-01-19T22:37:56","date_gmt":"2023-01-20T03:37:56","guid":{"rendered":"https:\/\/mglashes.ca\/distribution\/?post_type=product&#038;p=785"},"modified":"2026-03-03T11:29:54","modified_gmt":"2026-03-03T16:29:54","slug":"serum-pour-cils-sourcils-extend","status":"publish","type":"product","link":"https:\/\/mglashes.ca\/distribution\/produit\/serum-pour-cils-sourcils-extend\/","title":{"rendered":"S\u00e9rum cils &#038; sourcils EXTEND"},"content":{"rendered":"","protected":false},"excerpt":{"rendered":"<p>Lash and Brow Extend est votre or liquide pour que ces cils et sourcils soient les plus sains, vous donnant les cils les plus longs et les plus longs.<\/p>\n<p>Essay\u00e9 et vrai.\u00a0Utilisez\u00a0<strong>QUOTIDIENNEMENT<\/strong>\u00a0le matin pour voir les r\u00e9sultats en 3-4 semaines.<\/p>\n<p>Comment fonctionnent les s\u00e9rums pour cils et sourcils ?<\/p>\n<p>le follicule pileux doit \u00eatre actif pour que les cheveux poussent<\/p>\n<p>il ne poussera pas de poils dans la zone o\u00f9 les follicules ne sont plus actifs<\/p>\n<p><span class=\"goog-text-highlight\">vous devez appliquer quotidiennement pour que les follicules soient compl\u00e8tement nourris pour que vous puissiez voir les r\u00e9sultats.\u00a0<\/span>Continuez \u00e0 appliquer quotidiennement pendant 3 mois pour obtenir des r\u00e9sultats continus.<\/p>\n<p>Nos s\u00e9rums contiennent 2 peptides qui cr\u00e9ent une synergie r\u00e9sultant en une production d&rsquo;un acide myristique appel\u00e9 soluble dans l&rsquo;huile qui aidera \u00e0 stimuler la production de k\u00e9ratine.<\/p>\n<p><strong>Les acides amin\u00e9s<\/strong>\u00a0sont les \u00e9l\u00e9ments constitutifs des prot\u00e9ines.\u00a0Ils aident \u00e0 nourrir et \u00e0 r\u00e9parer les dommages caus\u00e9s aux prot\u00e9ines capillaires des cils.<\/p>\n<p><strong>La k\u00e9ratine<\/strong>\u00a0est une prot\u00e9ine protectrice qui aidera \u00e0 renforcer vos cheveux et \u00e0 les rendre plus sains.<\/p>\n<p><strong>Les peptides<\/strong>\u00a0stimulent la croissance des cils.\u00a0Surtout en guidant les poils qui ne sont pas sur la m\u00eame voie de croissance.\u00a0<span class=\"\">Les peptides aideront ces poils \u00e0 reprendre leur cycle complet en aidant \u00e0 cr\u00e9er une ligne de cils plus compl\u00e8te.<\/span><\/p>\n","protected":false},"featured_media":1246,"comment_status":"open","ping_status":"closed","template":"","meta":{"_et_pb_use_builder":"","_et_pb_old_content":"","_et_gb_content_width":""},"product_brand":[],"product_cat":[257,367,218],"product_tag":[88],"class_list":{"0":"post-785","1":"product","2":"type-product","3":"status-publish","4":"has-post-thumbnail","6":"product_cat-lash-artisan","7":"product_cat-serums","8":"product_cat-soin-des-cils","9":"product_tag-serum","10":"product_shipping_class-forfait","12":"first","13":"outofstock","14":"taxable","15":"shipping-taxable","16":"purchasable","17":"product-type-simple"},"jetpack_sharing_enabled":true,"_links":{"self":[{"href":"https:\/\/mglashes.ca\/distribution\/wp-json\/wp\/v2\/product\/785","targetHints":{"allow":["GET"]}}],"collection":[{"href":"https:\/\/mglashes.ca\/distribution\/wp-json\/wp\/v2\/product"}],"about":[{"href":"https:\/\/mglashes.ca\/distribution\/wp-json\/wp\/v2\/types\/product"}],"replies":[{"embeddable":true,"href":"https:\/\/mglashes.ca\/distribution\/wp-json\/wp\/v2\/comments?post=785"}],"wp:featuredmedia":[{"embeddable":true,"href":"https:\/\/mglashes.ca\/distribution\/wp-json\/wp\/v2\/media\/1246"}],"wp:attachment":[{"href":"https:\/\/mglashes.ca\/distribution\/wp-json\/wp\/v2\/media?parent=785"}],"wp:term":[{"taxonomy":"product_brand","embeddable":true,"href":"https:\/\/mglashes.ca\/distribution\/wp-json\/wp\/v2\/product_brand?post=785"},{"taxonomy":"product_cat","embeddable":true,"href":"https:\/\/mglashes.ca\/distribution\/wp-json\/wp\/v2\/product_cat?post=785"},{"taxonomy":"product_tag","embeddable":true,"href":"https:\/\/mglashes.ca\/distribution\/wp-json\/wp\/v2\/product_tag?post=785"}],"curies":[{"name":"wp","href":"https:\/\/api.w.org\/{rel}","templated":true}]}}