{"id":587,"date":"2023-01-18T18:00:09","date_gmt":"2023-01-18T23:00:09","guid":{"rendered":"https:\/\/mglashes.ca\/distribution\/?post_type=product&#038;p=587"},"modified":"2026-02-04T20:40:14","modified_gmt":"2026-02-05T01:40:14","slug":"all-that-glitters","status":"publish","type":"product","link":"https:\/\/mglashes.ca\/distribution\/produit\/all-that-glitters\/","title":{"rendered":"ALL THAT GLITTERS"},"content":{"rendered":"","protected":false},"excerpt":{"rendered":"<p>Laissez les eaux de cerises d\u2019\u00e9t\u00e9 infus\u00e9es avec des fouets de beurre de cacao, de beurre de karit\u00e9 et d\u2019huiles essentielles d\u2019orange douce et de bergamote pure \u00e9lever votre humeur! Cr\u00e9er une piscine rose vivifiante pour vous baigner! Ce Bath Blaster a \u00e9galement \u00e9t\u00e9 tremp\u00e9 dans le sucre de pon\u00e7age pour lui donner que l\u2019\u00e9tincelle suppl\u00e9mentaire! Une bombe \u00e0 paillettes pleine de surprises et de doux parfums de cerise pour vous laisser p\u00e9tiller ! D\u00e9bloquez les huiles essentielles de bergamote et d\u2019orange douce pour \u00e9veiller les sens alors que les beurres naturels pr\u00e9parent votre peau \u00e0 faire la f\u00eate! Les paillettes Bomb Cosmetics sont biod\u00e9gradables et ne nuiront pas \u00e0 l\u2019environnement. L\u2019un de nos ingr\u00e9dients pr\u00e9f\u00e9r\u00e9s est le beurre de graines de Coaco.<\/p>\n<p>Mode d&#8217;emploi:\u00a0 D\u00e9posez votre bombe de bain dans un bain d&rsquo;eau ti\u00e8de et regardez-la p\u00e9tiller, lib\u00e9rant son parfum et ses huiles essentielles, tandis que le bicarbonate de soude adoucit l&rsquo;eau. Bien rincer le bain apr\u00e8s utilisation.<\/p>\n<p>160g.<\/p>\n","protected":false},"featured_media":586,"comment_status":"open","ping_status":"closed","template":"","meta":{"_et_pb_use_builder":"","_et_pb_old_content":"","_et_gb_content_width":""},"product_brand":[],"product_cat":[80],"product_tag":[],"class_list":{"0":"post-587","1":"product","2":"type-product","3":"status-publish","4":"has-post-thumbnail","6":"product_cat-bombes-de-bain","7":"product_shipping_class-forfait","9":"first","10":"outofstock","11":"featured","12":"taxable","13":"shipping-taxable","14":"purchasable","15":"product-type-simple"},"jetpack_sharing_enabled":true,"_links":{"self":[{"href":"https:\/\/mglashes.ca\/distribution\/wp-json\/wp\/v2\/product\/587","targetHints":{"allow":["GET"]}}],"collection":[{"href":"https:\/\/mglashes.ca\/distribution\/wp-json\/wp\/v2\/product"}],"about":[{"href":"https:\/\/mglashes.ca\/distribution\/wp-json\/wp\/v2\/types\/product"}],"replies":[{"embeddable":true,"href":"https:\/\/mglashes.ca\/distribution\/wp-json\/wp\/v2\/comments?post=587"}],"wp:featuredmedia":[{"embeddable":true,"href":"https:\/\/mglashes.ca\/distribution\/wp-json\/wp\/v2\/media\/586"}],"wp:attachment":[{"href":"https:\/\/mglashes.ca\/distribution\/wp-json\/wp\/v2\/media?parent=587"}],"wp:term":[{"taxonomy":"product_brand","embeddable":true,"href":"https:\/\/mglashes.ca\/distribution\/wp-json\/wp\/v2\/product_brand?post=587"},{"taxonomy":"product_cat","embeddable":true,"href":"https:\/\/mglashes.ca\/distribution\/wp-json\/wp\/v2\/product_cat?post=587"},{"taxonomy":"product_tag","embeddable":true,"href":"https:\/\/mglashes.ca\/distribution\/wp-json\/wp\/v2\/product_tag?post=587"}],"curies":[{"name":"wp","href":"https:\/\/api.w.org\/{rel}","templated":true}]}}