{"id":553,"date":"2023-01-16T16:11:41","date_gmt":"2023-01-16T21:11:41","guid":{"rendered":"https:\/\/mglashes.ca\/distribution\/?post_type=product&#038;p=553"},"modified":"2023-01-27T17:10:23","modified_gmt":"2023-01-27T22:10:23","slug":"scellant-protecteur","status":"publish","type":"product","link":"https:\/\/mglashes.ca\/distribution\/produit\/scellant-protecteur\/","title":{"rendered":"Scellant protecteur"},"content":{"rendered":"","protected":false},"excerpt":{"rendered":"<p>Con\u00e7u pour prot\u00e9ger contre les impuret\u00e9s et les autres mati\u00e8res qui peuvent nuire aux extensions de cils, ce gel agit \u00e9galement \u00e0 titre de deuxi\u00e8me colle en venant cr\u00e9er une couche suppl\u00e9mentaire sur les cils.<\/p>\n","protected":false},"featured_media":1560,"comment_status":"open","ping_status":"closed","template":"","meta":{"_et_pb_use_builder":"","_et_pb_old_content":"","_et_gb_content_width":""},"product_brand":[],"product_cat":[81,218],"product_tag":[230],"class_list":{"0":"post-553","1":"product","2":"type-product","3":"status-publish","4":"has-post-thumbnail","6":"product_cat-jb-lashes","7":"product_cat-soin-des-cils","8":"product_tag-scellant-protecteur","9":"product_shipping_class-forfait","11":"first","12":"instock","13":"taxable","14":"shipping-taxable","15":"product-type-external"},"jetpack_sharing_enabled":true,"_links":{"self":[{"href":"https:\/\/mglashes.ca\/distribution\/wp-json\/wp\/v2\/product\/553","targetHints":{"allow":["GET"]}}],"collection":[{"href":"https:\/\/mglashes.ca\/distribution\/wp-json\/wp\/v2\/product"}],"about":[{"href":"https:\/\/mglashes.ca\/distribution\/wp-json\/wp\/v2\/types\/product"}],"replies":[{"embeddable":true,"href":"https:\/\/mglashes.ca\/distribution\/wp-json\/wp\/v2\/comments?post=553"}],"wp:featuredmedia":[{"embeddable":true,"href":"https:\/\/mglashes.ca\/distribution\/wp-json\/wp\/v2\/media\/1560"}],"wp:attachment":[{"href":"https:\/\/mglashes.ca\/distribution\/wp-json\/wp\/v2\/media?parent=553"}],"wp:term":[{"taxonomy":"product_brand","embeddable":true,"href":"https:\/\/mglashes.ca\/distribution\/wp-json\/wp\/v2\/product_brand?post=553"},{"taxonomy":"product_cat","embeddable":true,"href":"https:\/\/mglashes.ca\/distribution\/wp-json\/wp\/v2\/product_cat?post=553"},{"taxonomy":"product_tag","embeddable":true,"href":"https:\/\/mglashes.ca\/distribution\/wp-json\/wp\/v2\/product_tag?post=553"}],"curies":[{"name":"wp","href":"https:\/\/api.w.org\/{rel}","templated":true}]}}