{"id":5084,"date":"2026-02-11T16:25:42","date_gmt":"2026-02-11T21:25:42","guid":{"rendered":"https:\/\/mglashes.ca\/distribution\/?post_type=product&#038;p=5084"},"modified":"2026-02-11T16:33:19","modified_gmt":"2026-02-11T21:33:19","slug":"la-boite-doree-diff","status":"publish","type":"product","link":"https:\/\/mglashes.ca\/distribution\/produit\/la-boite-doree-diff\/","title":{"rendered":"La Bo\u00eete Dor\u00e9e Diff"},"content":{"rendered":"","protected":false},"excerpt":{"rendered":"<div class=\"product__description rte remove-empty-space\">\n<p data-start=\"1649\" data-end=\"1696\">Pens\u00e9e pour \u00eatre offerte. Impossible \u00e0 oublier.<\/p>\n<p data-start=\"1698\" data-end=\"2000\"><strong data-start=\"1698\" data-end=\"1721\">La Bo\u00eete Dor\u00e9e Diff<\/strong>\u00a0est un coffret\u00a0<strong data-start=\"1737\" data-end=\"1759\">en \u00e9dition limit\u00e9e<\/strong>, imagin\u00e9 pour la Saint-Valentin. Il r\u00e9unit\u00a0<strong data-start=\"1803\" data-end=\"1842\">trois fragrances embl\u00e9matiques Diff<\/strong>, pr\u00e9sent\u00e9es dans des\u00a0<strong data-start=\"1864\" data-end=\"1901\">flacons blancs en \u00e9dition limit\u00e9e<\/strong>, soigneusement plac\u00e9s dans une\u00a0<strong data-start=\"1933\" data-end=\"1958\">bo\u00eete dor\u00e9e exclusive<\/strong>, elle aussi produite en quantit\u00e9 limit\u00e9e.<\/p>\n<p data-start=\"2002\" data-end=\"2057\">Raffin\u00e9e. D\u00e9sirable. Disponible pour une dur\u00e9e limit\u00e9e.<\/p>\n<h3 data-start=\"2059\" data-end=\"2099\">\u00c0 l\u2019int\u00e9rieur de La Bo\u00eete Dor\u00e9e Diff<\/h3>\n<p data-start=\"2101\" data-end=\"2316\"><strong data-start=\"2101\" data-end=\"2113\">Addicted<\/strong><br data-start=\"2113\" data-end=\"2116\" \/>Chaud et envo\u00fbtant. Les notes de caf\u00e9 et de vanille s\u2019ouvrent sur un c\u0153ur floral d\u00e9licat, laissant un sillage sensuel et addictif.<br data-start=\"2246\" data-end=\"2249\" \/><em data-start=\"2249\" data-end=\"2266\">Notes de t\u00eate :<\/em>\u00a0Caf\u00e9, Vanille<br data-start=\"2280\" data-end=\"2283\" \/><em data-start=\"2283\" data-end=\"2300\">Notes de c\u0153ur :<\/em>\u00a0Fleurs blanches<\/p>\n<p data-start=\"2318\" data-end=\"2570\"><strong data-start=\"2318\" data-end=\"2330\">Sex Bomb<\/strong><br data-start=\"2330\" data-end=\"2333\" \/>Ludique et irr\u00e9sistible. Des fruits frais \u00e9clatants, une pomme croquante au c\u0153ur, et une base gourmande de cr\u00e8me fouett\u00e9e et de vanille.<br data-start=\"2469\" data-end=\"2472\" \/><em data-start=\"2472\" data-end=\"2488\">Note de t\u00eate :<\/em>\u00a0Fruits frais<br data-start=\"2501\" data-end=\"2504\" \/><em data-start=\"2504\" data-end=\"2520\">Note de c\u0153ur :<\/em>\u00a0Pomme<br data-start=\"2526\" data-end=\"2529\" \/><em data-start=\"2529\" data-end=\"2546\">Notes de fond :<\/em>\u00a0Cr\u00e8me fouett\u00e9e, Vanille<\/p>\n<p data-start=\"2572\" data-end=\"2836\"><strong data-start=\"2572\" data-end=\"2584\">Red Lips<\/strong><br data-start=\"2584\" data-end=\"2587\" \/>Intense et luxueuse. Le safran et le jasmin rencontrent l\u2019ambre bois\u00e9, sur une base chaleureuse de c\u00e8dre et de r\u00e9sine de sapin.<br data-start=\"2714\" data-end=\"2717\" \/><em data-start=\"2717\" data-end=\"2734\">Notes de t\u00eate :<\/em>\u00a0Safran, Jasmin<br data-start=\"2749\" data-end=\"2752\" \/><em data-start=\"2752\" data-end=\"2769\">Notes de c\u0153ur :<\/em>\u00a0Ambre gris, Ambre bois\u00e9<br data-start=\"2793\" data-end=\"2796\" \/><em data-start=\"2796\" data-end=\"2813\">Notes de fond :<\/em>\u00a0C\u00e8dre, R\u00e9sine de sapin<\/p>\n<p data-start=\"2838\" data-end=\"2868\">\u2728\u00a0<strong data-start=\"2840\" data-end=\"2868\">Pourquoi elle est unique<\/strong><\/p>\n<ul>\n<li data-start=\"2838\" data-end=\"2868\">Flacons blancs en \u00e9dition limit\u00e9e<\/li>\n<li data-start=\"2838\" data-end=\"2868\">Bo\u00eete dor\u00e9e Diff exclusive<\/li>\n<li data-start=\"2838\" data-end=\"2868\">Trois fragrances signatures<\/li>\n<li data-start=\"2972\" data-end=\"3017\">Cr\u00e9\u00e9e pour \u00eatre offerte\u2026 ou gard\u00e9e pour soi<\/li>\n<\/ul>\n<\/div>\n<p><span class=\"toggle__title\" tabindex=\"0\" role=\"button\" data-js-title=\"\" aria-expanded=\"true\" aria-controls=\"toggle-8485b61a-0ee9-460f-a85f-f1545c80ef33\">\ud83d\udcdd UTILISATION<\/span><\/p>\n<div id=\"toggle--8485b61a-0ee9-460f-a85f-f1545c80ef33\" class=\"toggle__content rte remove-empty-space\" role=\"region\" data-js-content=\"\">\n<p>Voici quelques conseils pour profiter pleinement de nos bougies parfum\u00e9es:<\/p>\n<ul>\n<li><strong>Inclinez l\u00e9g\u00e8rement la bougie<\/strong>\u00a0lors de l\u2019allumage pour faciliter la prise de feu.<\/li>\n<li><strong>Utilisez un briquet long<\/strong>\u00a0et maintenez la flamme sur la m\u00e8che pendant quelques secondes pour l\u2019embraser correctement.<\/li>\n<li><strong>Coupez la m\u00e8che<\/strong>\u00a0\u00e0 environ \u00bc\u2033 avant chaque utilisation en retirant d\u00e9licatement la partie carbonis\u00e9e avec vos doigts.<\/li>\n<li><strong>Assurez une combustion uniforme<\/strong>\u00a0en laissant la bougie allum\u00e9e jusqu\u2019\u00e0 ce que toute la surface de la cire soit fondue (au moins 1 heure).<\/li>\n<\/ul>\n<\/div>\n","protected":false},"featured_media":5085,"comment_status":"open","ping_status":"closed","template":"","meta":{"_et_pb_use_builder":"","_et_pb_old_content":"","_et_gb_content_width":""},"product_brand":[],"product_cat":[339,338],"product_tag":[333],"class_list":{"0":"post-5084","1":"product","2":"type-product","3":"status-publish","4":"has-post-thumbnail","6":"product_cat-diffuseurs-roseaux","7":"product_cat-vaporisateurs","8":"product_tag-diff","9":"product_shipping_class-forfait","11":"first","12":"instock","13":"sale","14":"taxable","15":"shipping-taxable","16":"purchasable","17":"product-type-variable"},"jetpack_sharing_enabled":true,"_links":{"self":[{"href":"https:\/\/mglashes.ca\/distribution\/wp-json\/wp\/v2\/product\/5084","targetHints":{"allow":["GET"]}}],"collection":[{"href":"https:\/\/mglashes.ca\/distribution\/wp-json\/wp\/v2\/product"}],"about":[{"href":"https:\/\/mglashes.ca\/distribution\/wp-json\/wp\/v2\/types\/product"}],"replies":[{"embeddable":true,"href":"https:\/\/mglashes.ca\/distribution\/wp-json\/wp\/v2\/comments?post=5084"}],"wp:featuredmedia":[{"embeddable":true,"href":"https:\/\/mglashes.ca\/distribution\/wp-json\/wp\/v2\/media\/5085"}],"wp:attachment":[{"href":"https:\/\/mglashes.ca\/distribution\/wp-json\/wp\/v2\/media?parent=5084"}],"wp:term":[{"taxonomy":"product_brand","embeddable":true,"href":"https:\/\/mglashes.ca\/distribution\/wp-json\/wp\/v2\/product_brand?post=5084"},{"taxonomy":"product_cat","embeddable":true,"href":"https:\/\/mglashes.ca\/distribution\/wp-json\/wp\/v2\/product_cat?post=5084"},{"taxonomy":"product_tag","embeddable":true,"href":"https:\/\/mglashes.ca\/distribution\/wp-json\/wp\/v2\/product_tag?post=5084"}],"curies":[{"name":"wp","href":"https:\/\/api.w.org\/{rel}","templated":true}]}}