{"id":4988,"date":"2026-02-05T06:37:34","date_gmt":"2026-02-05T11:37:34","guid":{"rendered":"https:\/\/mglashes.ca\/distribution\/?post_type=product&#038;p=4988"},"modified":"2026-02-05T06:44:13","modified_gmt":"2026-02-05T11:44:13","slug":"sex-bomb-diffuseur-a-roseaux","status":"publish","type":"product","link":"https:\/\/mglashes.ca\/distribution\/produit\/sex-bomb-diffuseur-a-roseaux\/","title":{"rendered":"Sex Bomb &#8211; Diffuseur \u00e0 roseaux"},"content":{"rendered":"","protected":false},"excerpt":{"rendered":"<p>D\u00e9couvrez Sex Bomb, une fragrance inspir\u00e9e par Victoria&rsquo;s Secret Eau So Sexy. Les notes de t\u00eate, un m\u00e9lange de fruits frais, \u00e9voquent une ouverture p\u00e9tillante. En son c\u0153ur, la pomme ajoute une touche fruit\u00e9e et captivante. Les notes de fond de cr\u00e8me fouett\u00e9e et de vanille apportent une douceur sensuelle. Une essence qui incarne la s\u00e9duction et la gourmandise.<\/p>\n<p><strong>Note de t\u00eate:<\/strong>\u00a0Fruits frais<br \/>\n<strong>Note de c\u0153ur:<\/strong>\u00a0Pomme<br \/>\n<strong>Notes de fond<\/strong>: Cr\u00e8me fouett\u00e9e et Vanille<\/p>\n","protected":false},"featured_media":4990,"comment_status":"open","ping_status":"closed","template":"","meta":{"_et_pb_use_builder":"","_et_pb_old_content":"","_et_gb_content_width":""},"product_brand":[],"product_cat":[339],"product_tag":[333],"class_list":{"0":"post-4988","1":"product","2":"type-product","3":"status-publish","4":"has-post-thumbnail","6":"product_cat-diffuseurs-roseaux","7":"product_tag-diff","8":"product_shipping_class-forfait","10":"first","11":"instock","12":"taxable","13":"shipping-taxable","14":"purchasable","15":"product-type-variable"},"jetpack_sharing_enabled":true,"_links":{"self":[{"href":"https:\/\/mglashes.ca\/distribution\/wp-json\/wp\/v2\/product\/4988","targetHints":{"allow":["GET"]}}],"collection":[{"href":"https:\/\/mglashes.ca\/distribution\/wp-json\/wp\/v2\/product"}],"about":[{"href":"https:\/\/mglashes.ca\/distribution\/wp-json\/wp\/v2\/types\/product"}],"replies":[{"embeddable":true,"href":"https:\/\/mglashes.ca\/distribution\/wp-json\/wp\/v2\/comments?post=4988"}],"wp:featuredmedia":[{"embeddable":true,"href":"https:\/\/mglashes.ca\/distribution\/wp-json\/wp\/v2\/media\/4990"}],"wp:attachment":[{"href":"https:\/\/mglashes.ca\/distribution\/wp-json\/wp\/v2\/media?parent=4988"}],"wp:term":[{"taxonomy":"product_brand","embeddable":true,"href":"https:\/\/mglashes.ca\/distribution\/wp-json\/wp\/v2\/product_brand?post=4988"},{"taxonomy":"product_cat","embeddable":true,"href":"https:\/\/mglashes.ca\/distribution\/wp-json\/wp\/v2\/product_cat?post=4988"},{"taxonomy":"product_tag","embeddable":true,"href":"https:\/\/mglashes.ca\/distribution\/wp-json\/wp\/v2\/product_tag?post=4988"}],"curies":[{"name":"wp","href":"https:\/\/api.w.org\/{rel}","templated":true}]}}