{"id":4849,"date":"2026-01-19T15:09:29","date_gmt":"2026-01-19T20:09:29","guid":{"rendered":"https:\/\/mglashes.ca\/distribution\/?post_type=product&#038;p=4849"},"modified":"2026-03-31T06:02:38","modified_gmt":"2026-03-31T11:02:38","slug":"elite-clear-adhesif-0-5-secondes","status":"publish","type":"product","link":"https:\/\/mglashes.ca\/distribution\/produit\/elite-clear-adhesif-0-5-secondes\/","title":{"rendered":"Elite Clear Adh\u00e9sif 0.5 secondes"},"content":{"rendered":"","protected":false},"excerpt":{"rendered":"<h5><b>Elite Clear \u2661 Adh\u00e9sif 0.5 seconde \u2013 La transparence au service de la performance<\/b><\/h5>\n<p class=\"p3\">Apr\u00e8s plusieurs ann\u00e9es de recherche intense, je suis fi\u00e8re de vous pr\u00e9senter\u00a0<span class=\"s2\"><b>Elite Clear<\/b><\/span>, notre colle miracle \u00e0\u00a0<span class=\"s2\"><b>s\u00e9chage rapide<\/b><\/span>\u00a0sp\u00e9cialement formul\u00e9e pour les techniciennes exp\u00e9riment\u00e9es qui recherchent\u00a0<span class=\"s2\"><b>pr\u00e9cision, efficacit\u00e9 et polyvalence<\/b><\/span>.<\/p>\n<p class=\"p3\">Sa formule\u00a0<span class=\"s2\"><b>transparente<\/b><\/span>\u00a0et sans charbon noir est parfaite pour les extensions de\u00a0<span class=\"s2\"><b>cils noirs, bruns ou de couleur<\/b><\/span>, tout en assurant une adh\u00e9rence puissante et une r\u00e9tention exceptionnelle. Gr\u00e2ce \u00e0 sa\u00a0<span class=\"s2\"><b>viscosit\u00e9 fine \u00e0 moyenne<\/b><\/span>\u00a0et \u00e0 son\u00a0<span class=\"s2\"><b>temps de polym\u00e9risation rapide (0.5 \u00e0 1 seconde)<\/b><\/span>, elle s\u2019adapte \u00e0 votre rythme de travail sans compromis.<\/p>\n<hr \/>\n<h5><b><br \/>\nCARACT\u00c9RISTIQUES<\/b><\/h5>\n<ul>\n<li class=\"p3\">S\u00e9chage rapide: 0.5 \u00e0 1 seconde<\/li>\n<li class=\"p3\">Plage d\u2019humidit\u00e9 id\u00e9ale: 30 \u00e0 70 %<\/li>\n<li class=\"p3\">Temp\u00e9rature optimale: 18 \u00e0 25 \u00b0C<\/li>\n<li class=\"p3\">Viscosit\u00e9 fine \u00e0 moyenne pour un travail de pr\u00e9cision<\/li>\n<li class=\"p3\">Transparente \u2013 parfaite pour les cils de couleur<\/li>\n<li class=\"p3\">Sans latex, sans formald\u00e9hyde et sans charbon noir<\/li>\n<li class=\"p3\">Dur\u00e9e de vie: 6 mois non ouvert \/ 3 mois apr\u00e8s ouverture (ou d\u00e8s que la texture change)<\/li>\n<\/ul>\n<hr \/>\n<h5><b><br \/>\nCONSEILS D\u2019UTILISATION<\/b><\/h5>\n<p class=\"p3\">\u00a0Brasser \u00e0 la main 2-3 minutes avant le d\u00e9but de chaque journ\u00e9e<\/p>\n<ul>\n<li>Remplacer la goutte de colle toutes les:<br \/>\n\u2022 15 minutes en \u00e9t\u00e9<br \/>\n\u2022 30 minutes en hiver<\/li>\n<li>Conserver dans un\u00a0<span class=\"s2\"><b>pot herm\u00e9tique<\/b><\/span>\u00a0\u00e0 l\u2019abri du soleil<\/li>\n<li>Ne jamais r\u00e9frig\u00e9rer la colle, sauf si scell\u00e9e herm\u00e9tiquement<\/li>\n<li>Apr\u00e8s d\u00e9p\u00f4t de la goutte:<br \/>\n\u2022 Presser doucement le flacon pour faire sortir l\u2019air<br \/>\n\u2022 Essuyer le goulot avec les lingettes\u00a0<i>Wipe It Off<\/i><i><\/i><\/li>\n<li class=\"p3\">En cas de goulot bouch\u00e9, utiliser le bouchon de rechange fourni ou l\u2019aiguille incluse<\/li>\n<li class=\"p3\">Si la colle s\u00e8che\u00a0<span class=\"s2\"><b>trop lentement<\/b><\/span>\u00a0: augmentez l\u2019humidit\u00e9 ou utilisez un\u00a0<span class=\"s2\"><b>nanomist<\/b><b><\/b><\/span><\/li>\n<li class=\"p3\">Si elle s\u00e8che\u00a0<span class=\"s2\"><b>trop rapidement<\/b><\/span>\u00a0: utilisez la\u00a0<span class=\"s2\"><b>micro-goutte<\/b><\/span>\u00a0et une bague \u00e0 colle pour r\u00e9duire le d\u00e9lai entre trempage et application<\/li>\n<\/ul>\n","protected":false},"featured_media":4851,"comment_status":"open","ping_status":"closed","template":"","meta":{"_et_pb_use_builder":"","_et_pb_old_content":"","_et_gb_content_width":""},"product_brand":[],"product_cat":[362,315],"product_tag":[30,319],"class_list":{"0":"post-4849","1":"product","2":"type-product","3":"status-publish","4":"has-post-thumbnail","6":"product_cat-adhesif","7":"product_cat-mariss","8":"product_tag-colle","9":"product_tag-mariss","10":"product_shipping_class-forfait","12":"first","13":"instock","14":"taxable","15":"shipping-taxable","16":"purchasable","17":"product-type-simple"},"jetpack_sharing_enabled":true,"_links":{"self":[{"href":"https:\/\/mglashes.ca\/distribution\/wp-json\/wp\/v2\/product\/4849","targetHints":{"allow":["GET"]}}],"collection":[{"href":"https:\/\/mglashes.ca\/distribution\/wp-json\/wp\/v2\/product"}],"about":[{"href":"https:\/\/mglashes.ca\/distribution\/wp-json\/wp\/v2\/types\/product"}],"replies":[{"embeddable":true,"href":"https:\/\/mglashes.ca\/distribution\/wp-json\/wp\/v2\/comments?post=4849"}],"wp:featuredmedia":[{"embeddable":true,"href":"https:\/\/mglashes.ca\/distribution\/wp-json\/wp\/v2\/media\/4851"}],"wp:attachment":[{"href":"https:\/\/mglashes.ca\/distribution\/wp-json\/wp\/v2\/media?parent=4849"}],"wp:term":[{"taxonomy":"product_brand","embeddable":true,"href":"https:\/\/mglashes.ca\/distribution\/wp-json\/wp\/v2\/product_brand?post=4849"},{"taxonomy":"product_cat","embeddable":true,"href":"https:\/\/mglashes.ca\/distribution\/wp-json\/wp\/v2\/product_cat?post=4849"},{"taxonomy":"product_tag","embeddable":true,"href":"https:\/\/mglashes.ca\/distribution\/wp-json\/wp\/v2\/product_tag?post=4849"}],"curies":[{"name":"wp","href":"https:\/\/api.w.org\/{rel}","templated":true}]}}