{"id":457,"date":"2023-01-13T19:21:56","date_gmt":"2023-01-13T19:21:56","guid":{"rendered":"https:\/\/mglashes.ca\/distribution\/?post_type=product&#038;p=457"},"modified":"2024-09-27T11:03:28","modified_gmt":"2024-09-27T16:03:28","slug":"porte-colle","status":"publish","type":"product","link":"https:\/\/mglashes.ca\/distribution\/produit\/porte-colle\/","title":{"rendered":"Porte-Colle multiusage"},"content":{"rendered":"<p>Sa forme de petit bouchon saura se faire discr\u00e8te en prenant le moins d&rsquo;espace possible.<\/p>\n<p>Sa fonction multiusage vous permettra de l&rsquo;utiliser pour:<\/p>\n<p>-Un goutte de colle \u00e0 cils<br \/>\n-Une pompe de dissolvant<br \/>\n-Votre bonder<br \/>\n-Votre traitement \u00e0 k\u00e9ratine \u00e0 la fin d&rsquo;un lashlift<br \/>\n-Et plus encore&#8230;<\/p>\n<p>Son but \u00e9tant d&rsquo;\u00e9viter la contamination des embouts de vos produits en allant d\u00e9poser la quantit\u00e9 n\u00e9cessaire dans votre mini porte-colle.<\/p>\n","protected":false},"excerpt":{"rendered":"<p>En forme de minis capuchons, ces portes-colle jetables permettent de garder un espace propre. Id\u00e9al pour de petits espaces de travail.<\/p>\n<p>Faire tremper des pierres ou autres plateaux r\u00e9utilisables ou nettoyer l&rsquo;adh\u00e9sif s\u00e9ch\u00e9 est p\u00e9nible&#8230; Ces minis bouchons pour adh\u00e9sifs ont pour bu de contenir une goutte de colle \u00e0 la fois. Ils conservent une quantit\u00e9 contr\u00f4l\u00e9e d&rsquo;adh\u00e9sif distribu\u00e9 et conservent la forme du liquide \u00e0 une profondeur parfaite. Il vous suffit de le jeter chaque fois que vous aurez besoin de remplacer votre goutte.<\/p>\n<p>Livr\u00e9 en 100\/paquet<\/p>\n","protected":false},"featured_media":458,"comment_status":"open","ping_status":"closed","template":"","meta":{"_et_pb_use_builder":"","_et_pb_old_content":"","_et_gb_content_width":""},"product_brand":[],"product_cat":[257,24],"product_tag":[71],"class_list":{"0":"post-457","1":"product","2":"type-product","3":"status-publish","4":"has-post-thumbnail","6":"product_cat-lash-artisan","7":"product_cat-produits-jetables","8":"product_tag-produits-jetables","9":"product_shipping_class-forfait","11":"first","12":"instock","13":"taxable","14":"shipping-taxable","15":"purchasable","16":"product-type-simple"},"jetpack_sharing_enabled":true,"_links":{"self":[{"href":"https:\/\/mglashes.ca\/distribution\/wp-json\/wp\/v2\/product\/457","targetHints":{"allow":["GET"]}}],"collection":[{"href":"https:\/\/mglashes.ca\/distribution\/wp-json\/wp\/v2\/product"}],"about":[{"href":"https:\/\/mglashes.ca\/distribution\/wp-json\/wp\/v2\/types\/product"}],"replies":[{"embeddable":true,"href":"https:\/\/mglashes.ca\/distribution\/wp-json\/wp\/v2\/comments?post=457"}],"wp:featuredmedia":[{"embeddable":true,"href":"https:\/\/mglashes.ca\/distribution\/wp-json\/wp\/v2\/media\/458"}],"wp:attachment":[{"href":"https:\/\/mglashes.ca\/distribution\/wp-json\/wp\/v2\/media?parent=457"}],"wp:term":[{"taxonomy":"product_brand","embeddable":true,"href":"https:\/\/mglashes.ca\/distribution\/wp-json\/wp\/v2\/product_brand?post=457"},{"taxonomy":"product_cat","embeddable":true,"href":"https:\/\/mglashes.ca\/distribution\/wp-json\/wp\/v2\/product_cat?post=457"},{"taxonomy":"product_tag","embeddable":true,"href":"https:\/\/mglashes.ca\/distribution\/wp-json\/wp\/v2\/product_tag?post=457"}],"curies":[{"name":"wp","href":"https:\/\/api.w.org\/{rel}","templated":true}]}}