{"id":4501,"date":"2025-12-31T12:18:06","date_gmt":"2025-12-31T17:18:06","guid":{"rendered":"https:\/\/mglashes.ca\/distribution\/?post_type=product&#038;p=4501"},"modified":"2026-03-15T18:20:00","modified_gmt":"2026-03-15T23:20:00","slug":"classique-yy-w-et-pro-made-got-your-back-2-0","status":"publish","type":"product","link":"https:\/\/mglashes.ca\/distribution\/produit\/classique-yy-w-et-pro-made-got-your-back-2-0\/","title":{"rendered":"Classique \/ YY \/ W et Pro-Made Got Your Back 2.0"},"content":{"rendered":"","protected":false},"excerpt":{"rendered":"<h5><b>Pince Got Your Back 2.0 \u2013 Pr\u00e9cision, confort et ma\u00eetrise<\/b><\/h5>\n<p class=\"p3\"><span class=\"s2\">Que vous soyez\u00a0<\/span><b>technicienne d\u00e9butante ou experte en extensions de cils<\/b><span class=\"s2\">, la\u00a0<\/span><b>Got Your Back 2.0<\/b><span class=\"s2\">\u00a0est l\u2019outil parfait pour sublimer votre travail.<\/span><\/p>\n<p class=\"p4\">Son\u00a0<span class=\"s3\"><b>embout fin ultra-pr\u00e9cis<\/b><\/span>, \u00e9quip\u00e9 de la\u00a0<span class=\"s3\"><b>technologie fiber tip<\/b><\/span>, assure une\u00a0<span class=\"s3\"><b>adh\u00e9rence maximale sans glissement<\/b><\/span>. R\u00e9sultat : des bouquets ma\u00eetris\u00e9s, une application fluide, et un rendu impeccable \u2014 cil apr\u00e8s cil.<\/p>\n<p class=\"p4\">Pens\u00e9e pour les techniques\u00a0<span class=\"s3\"><b>classique, YY, WW et promade<\/b><\/span>, elle s\u2019adapte \u00e0 tous les styles et \u00e0 toutes les mains. Sa\u00a0<span class=\"s3\"><b>prise diamant grav\u00e9e au laser<\/b><\/span>\u00a0offre une\u00a0<span class=\"s3\"><b>stabilit\u00e9 parfaite<\/b><\/span>, m\u00eame lors des longues journ\u00e9es en studio.<\/p>\n<hr \/>\n<h5><b><br \/>\nPourquoi vous allez l\u2019adorer<\/b><\/h5>\n<ul>\n<li class=\"p1\"><span class=\"s1\"><b>Pr\u00e9cision professionnelle<\/b><\/span>\u00a0gr\u00e2ce \u00e0 l\u2019embout fiber tip<\/li>\n<li class=\"p1\"><span class=\"s1\"><b>Ultra-l\u00e9g\u00e8re<\/b><\/span>, elle minimise la fatigue du poignet<\/li>\n<li class=\"p1\">Id\u00e9ale pour les techniques de\u00a0<span class=\"s1\"><b>cr\u00e9ation de bouquets<\/b><b><\/b><\/span><\/li>\n<li class=\"p1\">Compatible avec tous les niveaux d\u2019exp\u00e9rience<\/li>\n<li class=\"p1\"><span class=\"s1\"><b>Pr\u00e9sent\u00e9e dans une bo\u00eete \u00e9l\u00e9gante<\/b><\/span>, parfaite pour le rangement ou les d\u00e9placements<\/li>\n<\/ul>\n<hr \/>\n<h5><b><br \/>\nCaract\u00e9ristiques techniques<\/b><\/h5>\n<ul>\n<li class=\"p1\"><b>Acier inoxydable de qualit\u00e9 sup\u00e9rieure<\/b><b><\/b><\/li>\n<li class=\"p1\"><span class=\"s1\"><b>Prise diamant<\/b><\/span>\u00a0antid\u00e9rapante grav\u00e9e au laser<\/li>\n<li class=\"p1\"><span class=\"s1\"><b>Ergonomie \u00e9tudi\u00e9e<\/b><\/span>\u00a0pour un confort maximal<\/li>\n<li class=\"p1\"><b>Embout fin avec technologie fiber tip<\/b><span class=\"s1\">\u00a0pour un contr\u00f4le absolu<\/span><\/li>\n<li class=\"p1\"><span class=\"s1\"><b>Logo Mariss<\/b><\/span>\u00a0grav\u00e9 au laser \u2013 gage d\u2019\u00e9l\u00e9gance et de qualit\u00e9<\/li>\n<\/ul>\n<hr \/>\n<h5><b><br \/>\nConseils d\u2019entretien<\/b><\/h5>\n<ul>\n<li class=\"p1\"><span class=\"s1\">Nettoyez avec des\u00a0<\/span><b>lingettes CS20 PREempt<\/b><span class=\"s1\">\u00a0ou de l\u2019<\/span><b>alcool \u00e0 70\u202f%<\/b><b><\/b><\/li>\n<li class=\"p1\">Ne laissez\u00a0<span class=\"s1\"><b>jamais tremper dans des produits agressifs<\/b><\/span>\u00a0(ac\u00e9tone, CS20 pur, etc.) pour prot\u00e9ger le plaquage<\/li>\n<\/ul>\n","protected":false},"featured_media":4502,"comment_status":"open","ping_status":"closed","template":"","meta":{"_et_pb_use_builder":"","_et_pb_old_content":"","_et_gb_content_width":""},"product_brand":[],"product_cat":[315,207],"product_tag":[319,212],"class_list":{"0":"post-4501","1":"product","2":"type-product","3":"status-publish","4":"has-post-thumbnail","6":"product_cat-mariss","7":"product_cat-pinces","8":"product_tag-mariss","9":"product_tag-pinces","10":"product_shipping_class-forfait","12":"first","13":"instock","14":"taxable","15":"shipping-taxable","16":"purchasable","17":"product-type-simple"},"jetpack_sharing_enabled":true,"_links":{"self":[{"href":"https:\/\/mglashes.ca\/distribution\/wp-json\/wp\/v2\/product\/4501","targetHints":{"allow":["GET"]}}],"collection":[{"href":"https:\/\/mglashes.ca\/distribution\/wp-json\/wp\/v2\/product"}],"about":[{"href":"https:\/\/mglashes.ca\/distribution\/wp-json\/wp\/v2\/types\/product"}],"replies":[{"embeddable":true,"href":"https:\/\/mglashes.ca\/distribution\/wp-json\/wp\/v2\/comments?post=4501"}],"wp:featuredmedia":[{"embeddable":true,"href":"https:\/\/mglashes.ca\/distribution\/wp-json\/wp\/v2\/media\/4502"}],"wp:attachment":[{"href":"https:\/\/mglashes.ca\/distribution\/wp-json\/wp\/v2\/media?parent=4501"}],"wp:term":[{"taxonomy":"product_brand","embeddable":true,"href":"https:\/\/mglashes.ca\/distribution\/wp-json\/wp\/v2\/product_brand?post=4501"},{"taxonomy":"product_cat","embeddable":true,"href":"https:\/\/mglashes.ca\/distribution\/wp-json\/wp\/v2\/product_cat?post=4501"},{"taxonomy":"product_tag","embeddable":true,"href":"https:\/\/mglashes.ca\/distribution\/wp-json\/wp\/v2\/product_tag?post=4501"}],"curies":[{"name":"wp","href":"https:\/\/api.w.org\/{rel}","templated":true}]}}