{"id":4465,"date":"2025-12-31T11:49:02","date_gmt":"2025-12-31T16:49:02","guid":{"rendered":"https:\/\/mglashes.ca\/distribution\/?post_type=product&#038;p=4465"},"modified":"2026-04-07T12:34:47","modified_gmt":"2026-04-07T17:34:47","slug":"bonder-our-bond-is-real","status":"publish","type":"product","link":"https:\/\/mglashes.ca\/distribution\/produit\/bonder-our-bond-is-real\/","title":{"rendered":"Bonder Our Bond Is Real"},"content":{"rendered":"","protected":false},"excerpt":{"rendered":"<h5><b>Our Bond Is Real \u2013 Bonder pour extensions de cils (raisin ou coconut)<\/b><\/h5>\n<p class=\"p3\">Apr\u00e8s plusieurs mois de formulation et de tests,\u00a0<span class=\"s2\"><b>Our Bond Is Real<\/b><\/span>\u00a0est enfin l\u00e0 \u2014 le bonder indispensable \u00e0 toutes les techniciennes de cils soucieuses de la\u00a0<span class=\"s2\"><b>r\u00e9tention<\/b><\/span>\u00a0et du\u00a0<span class=\"s2\"><b>confort client<\/b><\/span>.<\/p>\n<p class=\"p3\">Gr\u00e2ce \u00e0 sa formule innovante, ce\u00a0<span class=\"s2\"><b>bonder pour extensions de cils<\/b><\/span>\u00a0scelle instantan\u00e9ment la colle,\u00a0<span class=\"s2\"><b>\u00e9limine les vapeurs d\u2019adh\u00e9sif<\/b><\/span>\u00a0et renforce le lien entre l\u2019extension et le cil naturel. R\u00e9sultat ? Une\u00a0<span class=\"s2\"><b>r\u00e9tention am\u00e9lior\u00e9e jusqu\u2019\u00e0 30 %<\/b><\/span>, des cils plus souples et une exp\u00e9rience client incomparable. Disponible en deux parfums irr\u00e9sistibles :\u00a0<span class=\"s2\"><b>raisin<\/b><\/span>\u00a0ou\u00a0<span class=\"s2\"><b>noix de coco<\/b><\/span>.<\/p>\n<hr \/>\n<h5><b><br \/>\nCaract\u00e9ristiques<\/b><\/h5>\n<ul>\n<li class=\"p1\">Scelle parfaitement l\u2019adh\u00e9sif pour une tenue prolong\u00e9e<\/li>\n<li class=\"p1\">\u00c9limine les vapeurs de colle, pour un confort maximal<\/li>\n<li class=\"p1\"><span class=\"s1\">Am\u00e9liore la\u00a0<\/span><b>r\u00e9tention de 30 %<\/b><b><\/b><\/li>\n<li class=\"p1\">Parfums gourmands :\u00a0<span class=\"s1\"><b>raisin<\/b><\/span>\u00a0ou\u00a0<span class=\"s1\"><b>coconut<\/b><b><\/b><\/span><\/li>\n<li class=\"p1\">Flacon de\u00a0<span class=\"s1\"><b>15 ml<\/b><\/span>\u00a0\u2013 jusqu\u2019\u00e0\u00a0<span class=\"s1\"><b>150 utilisations<\/b><b><\/b><\/span><\/li>\n<li class=\"p1\"><b>V\u00e9g\u00e9talien<\/b><span class=\"s1\">\u00a0et\u00a0<\/span><b>cruelty-free<\/b><b><\/b><\/li>\n<li class=\"p1\">Compatible avec toutes les colles pour extensions de cils<\/li>\n<\/ul>\n<hr \/>\n<h5><b><br \/>\nConseils d\u2019utilisation<\/b><\/h5>\n<ol>\n<li class=\"p1\">Attendre\u00a0<span class=\"s1\"><b>2 minutes<\/b><\/span>\u00a0apr\u00e8s la fin de la pose.<\/li>\n<li class=\"p1\">Appliquer\u00a0<span class=\"s1\"><b>une microgoutte<\/b><\/span>\u00a0de bonder sur une brosse microfibre.<\/li>\n<li class=\"p1\">Tapoter d\u00e9licatement\u00a0<span class=\"s1\"><b>\u00e0 la base des extensions<\/b><\/span>, sur le point de liaison.<\/li>\n<li class=\"p1\">S\u00e9cher \u00e0 l\u2019aide d\u2019un ventilateur pendant\u00a0<span class=\"s1\"><b>1 minute<\/b><\/span>.<\/li>\n<\/ol>\n<hr \/>\n<h5><b><br \/>\nConseils de conservation<\/b><\/h5>\n<ul>\n<li class=\"p1\">Conserver \u00e0 l\u2019abri de la\u00a0<span class=\"s1\"><b>lumi\u00e8re directe<\/b><\/span>\u00a0et de la chaleur<\/li>\n<li class=\"p1\"><span class=\"s1\">Dur\u00e9e de vie:\u00a0<\/span><b>6 mois apr\u00e8s ouverture<\/b><span class=\"s1\">,\u00a0<\/span><b>1 an ferm\u00e9<br \/>\n<\/b><b><\/b><\/li>\n<\/ul>\n<hr \/>\n<h5><b><br \/>\nMises en garde<\/b><\/h5>\n<ul>\n<li class=\"p1\"><b>R\u00e9serv\u00e9 \u00e0 un usage professionnel<\/b><b><\/b><\/li>\n<li class=\"p1\">\u00c9viter tout contact avec les yeux<\/li>\n<li class=\"p1\">En cas d\u2019irritation, cesser l\u2019utilisation et consulter un m\u00e9decin<\/li>\n<li class=\"p1\">Tenir hors de port\u00e9e des enfants<\/li>\n<\/ul>\n","protected":false},"featured_media":4468,"comment_status":"open","ping_status":"closed","template":"","meta":{"_et_pb_use_builder":"","_et_pb_old_content":"","_et_gb_content_width":""},"product_brand":[],"product_cat":[365,315],"product_tag":[320,319],"class_list":{"0":"post-4465","1":"product","2":"type-product","3":"status-publish","4":"has-post-thumbnail","6":"product_cat-bonder","7":"product_cat-mariss","8":"product_tag-liquides","9":"product_tag-mariss","10":"product_shipping_class-forfait","12":"first","13":"instock","14":"taxable","15":"shipping-taxable","16":"purchasable","17":"product-type-variable"},"jetpack_sharing_enabled":true,"_links":{"self":[{"href":"https:\/\/mglashes.ca\/distribution\/wp-json\/wp\/v2\/product\/4465","targetHints":{"allow":["GET"]}}],"collection":[{"href":"https:\/\/mglashes.ca\/distribution\/wp-json\/wp\/v2\/product"}],"about":[{"href":"https:\/\/mglashes.ca\/distribution\/wp-json\/wp\/v2\/types\/product"}],"replies":[{"embeddable":true,"href":"https:\/\/mglashes.ca\/distribution\/wp-json\/wp\/v2\/comments?post=4465"}],"wp:featuredmedia":[{"embeddable":true,"href":"https:\/\/mglashes.ca\/distribution\/wp-json\/wp\/v2\/media\/4468"}],"wp:attachment":[{"href":"https:\/\/mglashes.ca\/distribution\/wp-json\/wp\/v2\/media?parent=4465"}],"wp:term":[{"taxonomy":"product_brand","embeddable":true,"href":"https:\/\/mglashes.ca\/distribution\/wp-json\/wp\/v2\/product_brand?post=4465"},{"taxonomy":"product_cat","embeddable":true,"href":"https:\/\/mglashes.ca\/distribution\/wp-json\/wp\/v2\/product_cat?post=4465"},{"taxonomy":"product_tag","embeddable":true,"href":"https:\/\/mglashes.ca\/distribution\/wp-json\/wp\/v2\/product_tag?post=4465"}],"curies":[{"name":"wp","href":"https:\/\/api.w.org\/{rel}","templated":true}]}}