{"id":4110,"date":"2025-10-03T19:19:48","date_gmt":"2025-10-04T00:19:48","guid":{"rendered":"https:\/\/mglashes.ca\/distribution\/?post_type=product&#038;p=4110"},"modified":"2025-10-03T19:19:49","modified_gmt":"2025-10-04T00:19:49","slug":"mini-palettes-a-colle","status":"publish","type":"product","link":"https:\/\/mglashes.ca\/distribution\/produit\/mini-palettes-a-colle\/","title":{"rendered":"Mini palettes \u00e0 colle"},"content":{"rendered":"","protected":false},"excerpt":{"rendered":"<p data-start=\"72\" data-end=\"406\">Parce que ta colle \u00e0 cils m\u00e9rite un traitement VIP \u2728<br data-start=\"126\" data-end=\"129\" \/>Fini les tuiles encombrantes, les pierres de jade collantes et\u2026 cette fameuse pi\u00e8ce de monnaie que tu pensais \u201cfaire l\u2019affaire.\u201d Ces palettes autocollantes sont l\u00e0 pour garder ta colle fra\u00eeche, propre et bien en place (et pas partout sur tes pinces, tes mains ou ton \u00e2me).<\/p>\n<p data-start=\"408\" data-end=\"658\">Chaque paquet contient\u00a0<strong data-start=\"431\" data-end=\"454\">100 petits sauveurs<\/strong>\u00a0\u2013 parfaitement con\u00e7us pour accueillir ta colle comme une reine, et faire durer chaque goutte plus longtemps. Il suffit de\u00a0<strong data-start=\"580\" data-end=\"609\">d\u00e9coller, coller, d\u00e9poser<\/strong>\u00a0et encha\u00eener les poses comme la pro que tu es.<\/p>\n<p data-start=\"660\" data-end=\"881\">\ud83d\udc49 Parfait pour les artistes des cils qui :<br data-start=\"703\" data-end=\"706\" \/>\u2022 En ont marre de gratter de la colle sur\u00a0<em data-start=\"748\" data-end=\"754\">tout<\/em>.<br data-start=\"755\" data-end=\"758\" \/>\u2022 Veulent que leur colle ob\u00e9isse (pas qu\u2019elle les trahisse).<br data-start=\"818\" data-end=\"821\" \/>\u2022 Savent qu\u2019un poste de travail bien organis\u00e9, c\u2019est sexy.<\/p>\n<p data-start=\"883\" data-end=\"944\">\ud83d\udcb8 20$ pour 100 chances de garder ta sant\u00e9 mentale intacte.<\/p>\n","protected":false},"featured_media":4111,"comment_status":"open","ping_status":"closed","template":"","meta":{"_et_pb_use_builder":"","_et_pb_old_content":"","_et_gb_content_width":""},"product_brand":[],"product_cat":[258,24],"product_tag":[303],"class_list":{"0":"post-4110","1":"product","2":"type-product","3":"status-publish","4":"has-post-thumbnail","6":"product_cat-lashes-by-tini","7":"product_cat-produits-jetables","8":"product_tag-palette-a-colle","9":"product_shipping_class-forfait","11":"first","12":"instock","13":"taxable","14":"shipping-taxable","15":"purchasable","16":"product-type-simple"},"jetpack_sharing_enabled":true,"_links":{"self":[{"href":"https:\/\/mglashes.ca\/distribution\/wp-json\/wp\/v2\/product\/4110","targetHints":{"allow":["GET"]}}],"collection":[{"href":"https:\/\/mglashes.ca\/distribution\/wp-json\/wp\/v2\/product"}],"about":[{"href":"https:\/\/mglashes.ca\/distribution\/wp-json\/wp\/v2\/types\/product"}],"replies":[{"embeddable":true,"href":"https:\/\/mglashes.ca\/distribution\/wp-json\/wp\/v2\/comments?post=4110"}],"wp:featuredmedia":[{"embeddable":true,"href":"https:\/\/mglashes.ca\/distribution\/wp-json\/wp\/v2\/media\/4111"}],"wp:attachment":[{"href":"https:\/\/mglashes.ca\/distribution\/wp-json\/wp\/v2\/media?parent=4110"}],"wp:term":[{"taxonomy":"product_brand","embeddable":true,"href":"https:\/\/mglashes.ca\/distribution\/wp-json\/wp\/v2\/product_brand?post=4110"},{"taxonomy":"product_cat","embeddable":true,"href":"https:\/\/mglashes.ca\/distribution\/wp-json\/wp\/v2\/product_cat?post=4110"},{"taxonomy":"product_tag","embeddable":true,"href":"https:\/\/mglashes.ca\/distribution\/wp-json\/wp\/v2\/product_tag?post=4110"}],"curies":[{"name":"wp","href":"https:\/\/api.w.org\/{rel}","templated":true}]}}