{"id":4070,"date":"2025-07-20T22:33:42","date_gmt":"2025-07-21T03:33:42","guid":{"rendered":"https:\/\/mglashes.ca\/distribution\/?post_type=product&#038;p=4070"},"modified":"2026-02-22T21:11:35","modified_gmt":"2026-02-23T02:11:35","slug":"micro-brosses","status":"publish","type":"product","link":"https:\/\/mglashes.ca\/distribution\/produit\/micro-brosses\/","title":{"rendered":"Micro-brosses"},"content":{"rendered":"","protected":false},"excerpt":{"rendered":"<p>Les micro-brosses comportent une pointe de pr\u00e9cision id\u00e9ale pour:<br \/>\n&#8211; Application pr\u00e9-traitement sur les cils naturels<br \/>\n&#8211; Application de la solution de durcissement adh\u00e9sive Perfect Speed sur la bande d&rsquo;extension de cils<br \/>\n&#8211; \u00e9limination des extensions de cils<\/p>\n<p>&#8212;<\/p>\n<p>\u2022 Les micro-brosses pr\u00e9vient les\u00a0gouttes\u00a0et peluches<br \/>\n\u2022 La poign\u00e9e peut \u00eatre cass\u00e9e pour ajuster la longueur<br \/>\n\u2022 Les pointes peuvent \u00eatre pli\u00e9es dans n\u2019importe quel angle pour le placement de petites quantit\u00e9s contr\u00f4l\u00e9es de mat\u00e9riau dans des zones \u00e0 acc\u00e8s limit\u00e9<br \/>\n\u2022 Livr\u00e9 avec un \u00e9tui de rangement en plastique transparent, chaque \u00e9tui contient 100 micro-brosses jetables.<\/p>\n","protected":false},"featured_media":4071,"comment_status":"open","ping_status":"closed","template":"","meta":{"_et_pb_use_builder":"","_et_pb_old_content":"","_et_gb_content_width":""},"product_brand":[],"product_cat":[20,258,24],"product_tag":[33],"class_list":{"0":"post-4070","1":"product","2":"type-product","3":"status-publish","4":"has-post-thumbnail","6":"product_cat-brosses","7":"product_cat-lashes-by-tini","8":"product_cat-produits-jetables","9":"product_tag-micro-brosses","10":"product_shipping_class-forfait","12":"first","13":"instock","14":"taxable","15":"shipping-taxable","16":"purchasable","17":"product-type-variable"},"jetpack_sharing_enabled":true,"_links":{"self":[{"href":"https:\/\/mglashes.ca\/distribution\/wp-json\/wp\/v2\/product\/4070","targetHints":{"allow":["GET"]}}],"collection":[{"href":"https:\/\/mglashes.ca\/distribution\/wp-json\/wp\/v2\/product"}],"about":[{"href":"https:\/\/mglashes.ca\/distribution\/wp-json\/wp\/v2\/types\/product"}],"replies":[{"embeddable":true,"href":"https:\/\/mglashes.ca\/distribution\/wp-json\/wp\/v2\/comments?post=4070"}],"wp:featuredmedia":[{"embeddable":true,"href":"https:\/\/mglashes.ca\/distribution\/wp-json\/wp\/v2\/media\/4071"}],"wp:attachment":[{"href":"https:\/\/mglashes.ca\/distribution\/wp-json\/wp\/v2\/media?parent=4070"}],"wp:term":[{"taxonomy":"product_brand","embeddable":true,"href":"https:\/\/mglashes.ca\/distribution\/wp-json\/wp\/v2\/product_brand?post=4070"},{"taxonomy":"product_cat","embeddable":true,"href":"https:\/\/mglashes.ca\/distribution\/wp-json\/wp\/v2\/product_cat?post=4070"},{"taxonomy":"product_tag","embeddable":true,"href":"https:\/\/mglashes.ca\/distribution\/wp-json\/wp\/v2\/product_tag?post=4070"}],"curies":[{"name":"wp","href":"https:\/\/api.w.org\/{rel}","templated":true}]}}