{"id":3746,"date":"2024-10-23T16:05:25","date_gmt":"2024-10-23T21:05:25","guid":{"rendered":"https:\/\/mglashes.ca\/distribution\/?post_type=product&#038;p=3746"},"modified":"2025-11-10T21:08:58","modified_gmt":"2025-11-11T02:08:58","slug":"speed-lash-lift-pro-series-colle-en-baume-nourrissant","status":"publish","type":"product","link":"https:\/\/mglashes.ca\/distribution\/produit\/speed-lash-lift-pro-series-colle-en-baume-nourrissant\/","title":{"rendered":"Speed Lash Lift Pro Series &#8211; Colle en baume nourrissant"},"content":{"rendered":"","protected":false},"excerpt":{"rendered":"<p><strong>25g.<\/strong><\/p>\n<p><strong>UTILISATION RECOMMAND\u00c9E:<\/strong><\/p>\n<p>\u2757Appliquer \u00e0 la pointe des cils naturels seulement;<\/p>\n<p>\u2757\ufe0fEnlever tout exc\u00e8s de baume nourissante se retrouvant \u00e0 la base des cils naturels pour \u00e9viter de cr\u00e9er une barri\u00e8re entre les cils et la lotion.<\/p>\n<p>\u2757\ufe0fLe baume nourissante n&rsquo;est pas recommand\u00e9 pour les cils naturels tr\u00e8s courts et\/ou raides.<\/p>\n<p>\ud83d\udca1 COMBINER AVEC LE SYST\u00c8ME\u00a0<a href=\"https:\/\/www.lashesbytini.com\/collections\/speed-lash-lift\" target=\"_blank\" rel=\"noopener noreferrer\">SPEED LASHLIFT PRO SERIES<\/a>\u00a0POUR DES R\u00c9SULTATS SIMPLEMENT WOW !<\/p>\n<p>&nbsp;<\/p>\n<p>Dites bonjour \u00e0 notre nouveau baume nourrissant sans colle de la gamme Speed Lash Lift Pro Series! Gr\u00e2ce \u00e0 sa formule de baume, l&rsquo;application sur les cils naturels est extr\u00eamement rapide et facile. De plus, vous pouvez \u00e9galement ajuster les cils \u00e0 tout moment de la proc\u00e9dure, car le baume ne s\u00e8che jamais compl\u00e8tement.<\/p>\n<p>Cette colle 2-en-1 regorge d&rsquo;huiles nourrissantes qui vont encapsuler les cils naturels et les prot\u00e9ger de la d\u00e9shydratation lors de l&rsquo;\u00e9tape 1 et de l&rsquo;\u00e9tape 2 de rehaussement de cils. Le baume \u00e0 la colle se compose de trois huiles essentielles, soit l\u2019argan, la noix de coco et le tournesol, en plus des vitamines B5 et E. Puisque que les huiles p\u00e9n\u00e8trent dans les cils et procurent une hydratation en profondeur, il n&rsquo;est pas n\u00e9cessaire d&rsquo;enlever l&rsquo;exc\u00e8s de colle. Cela se traduira \u00e9galement par un temps de proc\u00e9dure plus rapide et le lifting des cils deviendra un v\u00e9ritable jeu d&rsquo;enfant. Formul\u00e9 sans ingr\u00e9dients agressifs, vous pouvez l\u2019appliquer en toute s\u00e9curit\u00e9 pr\u00e8s de la ligne des cils sans provoquer d&rsquo;irritation aupr\u00e8s de la client\u00e8le.<\/p>\n<p>&nbsp;<\/p>\n<p><strong>Caract\u00e9ristiques du produit :<\/strong><\/p>\n<p>&#8211;<span class=\"Apple-tab-span\">\u00a0<\/span>Baume ne s\u00e9chant pas compl\u00e8tement<\/p>\n<p>&#8211;<span class=\"Apple-tab-span\">\u00a0A<\/span>pplication\u00a0simple, rapide et sans d\u00e9g\u00e2t<\/p>\n<p>&#8211;<span class=\"Apple-tab-span\">\u00a0<\/span>Compos\u00e9 avec des huiles d&rsquo;argan, de la noix de coco, de\u00a0tournesol ainsi que vitamines B5 et E.<\/p>\n<p>&#8211;<span class=\"Apple-tab-span\">\u00a0<\/span>Hydratation profonde sans avoir besoin d&rsquo;enlever l&rsquo;exc\u00e8s de colle<\/p>\n<p>&#8211;<span class=\"Apple-tab-span\">\u00a0<\/span>Les cils naturels peuvent \u00eatre r\u00e9ajust\u00e9s \u00e0 tout moment<\/p>\n<p>&#8211;<span class=\"Apple-tab-span\">\u00a0<\/span>Temps de traitement r\u00e9duit gr\u00e2ce \u00e0 une application plus rapide<\/p>\n<p>&#8211;<span class=\"Apple-tab-span\">\u00a0<\/span>Les cils du bas ne colleront pas aux cils du haut<\/p>\n<p>&#8211; Environ 80 utilisations par contenant = 0.50$ par client !<\/p>\n<p>&nbsp;<\/p>\n<p>Ingr\u00e9dients : Aqua, Cocoyl Glutamic Acid, Laureth-21, VP\/VA Copolymer, Steareth-2, Oleth-2, Tocopherol (Vitamine E), Helianthus Annuus, Argan oil, PVP, Vitamine B5, Methylparaben<\/p>\n","protected":false},"featured_media":3747,"comment_status":"open","ping_status":"closed","template":"","meta":{"_et_pb_use_builder":"","_et_pb_old_content":"","_et_gb_content_width":""},"product_brand":[],"product_cat":[260,258],"product_tag":[30,297],"class_list":{"0":"post-3746","1":"product","2":"type-product","3":"status-publish","4":"has-post-thumbnail","6":"product_cat-lash-lift","7":"product_cat-lashes-by-tini","8":"product_tag-colle","9":"product_tag-lash-lift","10":"product_shipping_class-forfait","12":"first","13":"instock","14":"sale","15":"taxable","16":"shipping-taxable","17":"purchasable","18":"product-type-simple"},"jetpack_sharing_enabled":true,"_links":{"self":[{"href":"https:\/\/mglashes.ca\/distribution\/wp-json\/wp\/v2\/product\/3746","targetHints":{"allow":["GET"]}}],"collection":[{"href":"https:\/\/mglashes.ca\/distribution\/wp-json\/wp\/v2\/product"}],"about":[{"href":"https:\/\/mglashes.ca\/distribution\/wp-json\/wp\/v2\/types\/product"}],"replies":[{"embeddable":true,"href":"https:\/\/mglashes.ca\/distribution\/wp-json\/wp\/v2\/comments?post=3746"}],"wp:featuredmedia":[{"embeddable":true,"href":"https:\/\/mglashes.ca\/distribution\/wp-json\/wp\/v2\/media\/3747"}],"wp:attachment":[{"href":"https:\/\/mglashes.ca\/distribution\/wp-json\/wp\/v2\/media?parent=3746"}],"wp:term":[{"taxonomy":"product_brand","embeddable":true,"href":"https:\/\/mglashes.ca\/distribution\/wp-json\/wp\/v2\/product_brand?post=3746"},{"taxonomy":"product_cat","embeddable":true,"href":"https:\/\/mglashes.ca\/distribution\/wp-json\/wp\/v2\/product_cat?post=3746"},{"taxonomy":"product_tag","embeddable":true,"href":"https:\/\/mglashes.ca\/distribution\/wp-json\/wp\/v2\/product_tag?post=3746"}],"curies":[{"name":"wp","href":"https:\/\/api.w.org\/{rel}","templated":true}]}}