{"id":3504,"date":"2024-09-27T09:12:07","date_gmt":"2024-09-27T14:12:07","guid":{"rendered":"https:\/\/mglashes.ca\/distribution\/?post_type=product&#038;p=3504"},"modified":"2026-02-24T21:55:38","modified_gmt":"2026-02-25T02:55:38","slug":"serum-nourrissant-pour-les-cils-et-sourcils-65-ml-paquet-de-6-et-12","status":"publish","type":"product","link":"https:\/\/mglashes.ca\/distribution\/produit\/serum-nourrissant-pour-les-cils-et-sourcils-65-ml-paquet-de-6-et-12\/","title":{"rendered":"S\u00e9rum nourrissant pour les cils et sourcils 6,5 ml (paquet de 6 et 12)"},"content":{"rendered":"","protected":false},"excerpt":{"rendered":"<p>Le s\u00e9rum Lashes by Tini est con\u00e7u \u00e0 l\u2019aide de la derni\u00e8re technologie bio-enzyme reconnue mondialement pour la croissance des cils et sourcils. Constitu\u00e9 de 10 acides amin\u00e9s et d\u2019ingr\u00e9dients 100% naturels et sans effet secondaire pour les yeux, il favorise la croissance naturelle et rapide des cils et des sourcils. Sa compatibilit\u00e9 avec les extensions de cils et les faux cils en font le s\u00e9rum id\u00e9al afin d\u2019obtenir des cils et des sourcils plus longs, plus fonc\u00e9s et plus \u00e9pais en seulement quelques semaines.<\/p>\n<p><strong>Dosage et utilisation\u00a0:<\/strong>\u00a0Utiliser matin et soir apr\u00e8s un nettoyage des cils et des sourcils. \u00c0 l\u2019aide du pinceau, appliquer \u00e0 la base des cils et des sourcils jusqu\u2019\u00e0 ce qu\u2019ils soient bien imbib\u00e9s. Fermer les yeux pendant 2 minutes, jusqu\u2019\u00e0 l\u2019absorption du produit.<\/p>\n<p><strong>R\u00e9sultat\u00a0:<\/strong>\u00a0Apr\u00e8s 7 jours d\u2019utilisation, les cils et les sourcils deviennent plus long. Apr\u00e8s 10 \u00e0 15 jours, ils deviennent plus \u00e9pais et plus fonc\u00e9s.*<\/p>\n<p><strong>Quantit\u00e9\u00a0:<\/strong>\u00a06.5 mL<\/p>\n<p><strong>Conservation\u00a0<\/strong>: jusqu\u2019\u00e0 6 mois apr\u00e8s ouverture.<\/p>\n<p>Vient dans un coffret de rangement<\/p>\n<p><strong>Ingr\u00e9dients\u00a0:<\/strong>\u00a0Eau, facteur de croissance pour follicule pileux, acide ascorbique, enzyme biologique \u00ab\u00a0EPM\u00a0\u00bb (arginine), acide hyaluronique, tocoph\u00e9rol, ur\u00e9e.<\/p>\n<p>*Les r\u00e9sultats peuvent varier d\u2019une personne \u00e0 l\u2019autre.<\/p>\n<p><strong>**Pour des raisons d\u2019hygi\u00e8ne, aucun retour ou \u00e9change n\u2019est accept\u00e9.<\/strong><\/p>\n","protected":false},"featured_media":3419,"comment_status":"open","ping_status":"closed","template":"","meta":{"_et_pb_use_builder":"","_et_pb_old_content":"","_et_gb_content_width":""},"product_brand":[],"product_cat":[258,370],"product_tag":[264],"class_list":{"0":"post-3504","1":"product","2":"type-product","3":"status-publish","4":"has-post-thumbnail","6":"product_cat-lashes-by-tini","7":"product_cat-serums-revente","8":"product_tag-serum-nourrissant","9":"product_shipping_class-forfait","11":"first","12":"instock","13":"sale","14":"taxable","15":"shipping-taxable","16":"purchasable","17":"product-type-variable"},"jetpack_sharing_enabled":true,"_links":{"self":[{"href":"https:\/\/mglashes.ca\/distribution\/wp-json\/wp\/v2\/product\/3504","targetHints":{"allow":["GET"]}}],"collection":[{"href":"https:\/\/mglashes.ca\/distribution\/wp-json\/wp\/v2\/product"}],"about":[{"href":"https:\/\/mglashes.ca\/distribution\/wp-json\/wp\/v2\/types\/product"}],"replies":[{"embeddable":true,"href":"https:\/\/mglashes.ca\/distribution\/wp-json\/wp\/v2\/comments?post=3504"}],"wp:featuredmedia":[{"embeddable":true,"href":"https:\/\/mglashes.ca\/distribution\/wp-json\/wp\/v2\/media\/3419"}],"wp:attachment":[{"href":"https:\/\/mglashes.ca\/distribution\/wp-json\/wp\/v2\/media?parent=3504"}],"wp:term":[{"taxonomy":"product_brand","embeddable":true,"href":"https:\/\/mglashes.ca\/distribution\/wp-json\/wp\/v2\/product_brand?post=3504"},{"taxonomy":"product_cat","embeddable":true,"href":"https:\/\/mglashes.ca\/distribution\/wp-json\/wp\/v2\/product_cat?post=3504"},{"taxonomy":"product_tag","embeddable":true,"href":"https:\/\/mglashes.ca\/distribution\/wp-json\/wp\/v2\/product_tag?post=3504"}],"curies":[{"name":"wp","href":"https:\/\/api.w.org\/{rel}","templated":true}]}}