{"id":3425,"date":"2024-09-23T23:24:01","date_gmt":"2024-09-24T04:24:01","guid":{"rendered":"https:\/\/mglashes.ca\/distribution\/?post_type=product&#038;p=3425"},"modified":"2026-03-15T18:21:41","modified_gmt":"2026-03-15T23:21:41","slug":"pre-traitement-nettoyant-3-en-1","status":"publish","type":"product","link":"https:\/\/mglashes.ca\/distribution\/produit\/pre-traitement-nettoyant-3-en-1\/","title":{"rendered":"Pr\u00e9-traitement &#8211; Nettoyant 3-en-1"},"content":{"rendered":"","protected":false},"excerpt":{"rendered":"<p>Ce pr\u00e9traitement est utilis\u00e9 pour nettoyer, d\u00e9sinfecter et hydrater les cils naturels.<br \/>\n\u00c9limine efficacement les r\u00e9sidus de cosm\u00e9tiques, prot\u00e9ines, salet\u00e9s, huiles sur les vrais cils. Cela aidera les extensions \u00e0 coller et \u00e0 mieux adh\u00e9rer aux cils naturels.<br \/>\n&#8211;<\/p>\n<ul>\n<li>Utilisez l&rsquo;application pr\u00e9alable d&rsquo;extensions de cils.<\/li>\n<li>Appliquez 1-2 gouttes sur les applicateurs ou les micro-brosses pour nettoyer les cils naturels.<\/li>\n<li>Pour usage professionnel seulement.<\/li>\n<li>Le contact direct avec les yeux peut parfois causer des irritations mineures.<\/li>\n<li>En cas d&rsquo;allergie, veuillez consulter un m\u00e9decin.<\/li>\n<\/ul>\n<p>&#8211;<br \/>\n<strong>Ingr\u00e9dients:<\/strong>\u00a0Eau D.I, E-OH, M-paraben, Allanto\u00efne, Coper Peptide-1, Collag\u00e8ne marin, P.G, Tanin, Ph\u00e9nox\u00e9tol, EDTA-2NA<\/p>\n","protected":false},"featured_media":3426,"comment_status":"open","ping_status":"closed","template":"","meta":{"_et_pb_use_builder":"","_et_pb_old_content":"","_et_gb_content_width":""},"product_brand":[],"product_cat":[258,364],"product_tag":[265],"class_list":{"0":"post-3425","1":"product","2":"type-product","3":"status-publish","4":"has-post-thumbnail","6":"product_cat-lashes-by-tini","7":"product_cat-primer","8":"product_tag-pre-traitement","9":"product_shipping_class-forfait","11":"first","12":"instock","13":"taxable","14":"shipping-taxable","15":"purchasable","16":"product-type-simple"},"jetpack_sharing_enabled":true,"_links":{"self":[{"href":"https:\/\/mglashes.ca\/distribution\/wp-json\/wp\/v2\/product\/3425","targetHints":{"allow":["GET"]}}],"collection":[{"href":"https:\/\/mglashes.ca\/distribution\/wp-json\/wp\/v2\/product"}],"about":[{"href":"https:\/\/mglashes.ca\/distribution\/wp-json\/wp\/v2\/types\/product"}],"replies":[{"embeddable":true,"href":"https:\/\/mglashes.ca\/distribution\/wp-json\/wp\/v2\/comments?post=3425"}],"wp:featuredmedia":[{"embeddable":true,"href":"https:\/\/mglashes.ca\/distribution\/wp-json\/wp\/v2\/media\/3426"}],"wp:attachment":[{"href":"https:\/\/mglashes.ca\/distribution\/wp-json\/wp\/v2\/media?parent=3425"}],"wp:term":[{"taxonomy":"product_brand","embeddable":true,"href":"https:\/\/mglashes.ca\/distribution\/wp-json\/wp\/v2\/product_brand?post=3425"},{"taxonomy":"product_cat","embeddable":true,"href":"https:\/\/mglashes.ca\/distribution\/wp-json\/wp\/v2\/product_cat?post=3425"},{"taxonomy":"product_tag","embeddable":true,"href":"https:\/\/mglashes.ca\/distribution\/wp-json\/wp\/v2\/product_tag?post=3425"}],"curies":[{"name":"wp","href":"https:\/\/api.w.org\/{rel}","templated":true}]}}