{"id":16,"date":"2023-01-11T21:26:40","date_gmt":"2023-01-12T02:26:40","guid":{"rendered":"https:\/\/mglashes.ca\/distribution\/?post_type=product&#038;p=16"},"modified":"2026-03-03T11:39:44","modified_gmt":"2026-03-03T16:39:44","slug":"pre-traitement-stabilisateur","status":"publish","type":"product","link":"https:\/\/mglashes.ca\/distribution\/produit\/pre-traitement-stabilisateur\/","title":{"rendered":"Pr\u00e9-traitement stabilisateur"},"content":{"rendered":"","protected":false},"excerpt":{"rendered":"<p><strong>Pr\u00e9-traitement stabilisateur:<\/strong><\/p>\n<p>Notre solution de pr\u00e9-traitement des extensions de cils est la cl\u00e9 de toutes vos\u00a0pr\u00e9parations. Le meilleur acolyte. Voici ses 3 pouvoirs d&rsquo;acolyte.<\/p>\n<p>-Brossez-la \u00e0 travers les cils naturels \u00e0 l&rsquo;aide d&rsquo;une micro-brosse pour cr\u00e9er une surface propre et mate sans enlever toutes les huiles naturelles.<\/p>\n<p>-Glissez-le \u00e9galement sur votre bande de cils avant de retirer vos extensions pour une meilleure r\u00e9tention et un temps de durcissement plus rapide.<\/p>\n<p>-Utilisez-le pour cristalliser vos bouquets volume (comme un Super-bonder).<\/p>\n<p>Instructions:<\/p>\n<p>D\u00e9poser une seule goutte sur une micro-brosse applicatrice. C&rsquo;est suffisant pour les deux yeux. Avec un autre applicateur, placez d\u00e9licatement les cils naturels entre vos applicateurs et d\u00e9placez-vous dans un mouvement de balayage depuis la ligne des yeux et vers le bas vers les pointes des cils naturels.<\/p>\n<p>Attention : Ne pas mettre la solution dans les yeux.<\/p>\n<p>Format de 15ml<\/p>\n<p>UTILIS\u00c9 UNIQUEMENT PAR DES PROFESSIONNELS FORM\u00c9S<\/p>\n","protected":false},"featured_media":17,"comment_status":"open","ping_status":"closed","template":"","meta":{"_et_pb_use_builder":"","_et_pb_old_content":"","_et_gb_content_width":""},"product_brand":[],"product_cat":[257,364],"product_tag":[29],"class_list":{"0":"post-16","1":"product","2":"type-product","3":"status-publish","4":"has-post-thumbnail","6":"product_cat-lash-artisan","7":"product_cat-primer","8":"product_tag-stabilisateur","9":"product_shipping_class-forfait","11":"first","12":"instock","13":"taxable","14":"shipping-taxable","15":"purchasable","16":"product-type-simple"},"jetpack_sharing_enabled":true,"_links":{"self":[{"href":"https:\/\/mglashes.ca\/distribution\/wp-json\/wp\/v2\/product\/16","targetHints":{"allow":["GET"]}}],"collection":[{"href":"https:\/\/mglashes.ca\/distribution\/wp-json\/wp\/v2\/product"}],"about":[{"href":"https:\/\/mglashes.ca\/distribution\/wp-json\/wp\/v2\/types\/product"}],"replies":[{"embeddable":true,"href":"https:\/\/mglashes.ca\/distribution\/wp-json\/wp\/v2\/comments?post=16"}],"wp:featuredmedia":[{"embeddable":true,"href":"https:\/\/mglashes.ca\/distribution\/wp-json\/wp\/v2\/media\/17"}],"wp:attachment":[{"href":"https:\/\/mglashes.ca\/distribution\/wp-json\/wp\/v2\/media?parent=16"}],"wp:term":[{"taxonomy":"product_brand","embeddable":true,"href":"https:\/\/mglashes.ca\/distribution\/wp-json\/wp\/v2\/product_brand?post=16"},{"taxonomy":"product_cat","embeddable":true,"href":"https:\/\/mglashes.ca\/distribution\/wp-json\/wp\/v2\/product_cat?post=16"},{"taxonomy":"product_tag","embeddable":true,"href":"https:\/\/mglashes.ca\/distribution\/wp-json\/wp\/v2\/product_tag?post=16"}],"curies":[{"name":"wp","href":"https:\/\/api.w.org\/{rel}","templated":true}]}}