{"id":1222,"date":"2023-01-24T16:34:31","date_gmt":"2023-01-24T21:34:31","guid":{"rendered":"https:\/\/mglashes.ca\/distribution\/?post_type=product&#038;p=1222"},"modified":"2026-02-11T16:35:59","modified_gmt":"2026-02-11T21:35:59","slug":"lucidato-cci","status":"publish","type":"product","link":"https:\/\/mglashes.ca\/distribution\/produit\/lucidato-cci\/","title":{"rendered":"LUCIDATO CCI"},"content":{"rendered":"","protected":false},"excerpt":{"rendered":"<p>Nos pinces \u00e0 \u00e9piler de luxe LUCIDATO COLLECTION sont finies en acier inoxydable hautement poli. Les angles de cette ligne sont nos caract\u00e9ristiques les plus uniques. Nos nouvelles courbes ont \u00e9t\u00e9 cr\u00e9\u00e9es pour une flexibilit\u00e9 entre le volume et le m\u00e9ga volume.<\/p>\n<p>Cibler diff\u00e9rents angles de poignet et couvrir plus de zones id\u00e9ales pour le ramassage et chaque t\u00eate sont mieux d\u00e9finis pour un glissement facile sur les cils.<\/p>\n<p>Con\u00e7u par des artistes pour des artistes<\/p>\n","protected":false},"featured_media":1223,"comment_status":"open","ping_status":"closed","template":"","meta":{"_et_pb_use_builder":"","_et_pb_old_content":"","_et_gb_content_width":""},"product_brand":[],"product_cat":[257,207],"product_tag":[],"class_list":{"0":"post-1222","1":"product","2":"type-product","3":"status-publish","4":"has-post-thumbnail","6":"product_cat-lash-artisan","7":"product_cat-pinces","8":"product_shipping_class-forfait","10":"first","11":"instock","12":"taxable","13":"shipping-taxable","14":"purchasable","15":"product-type-simple"},"jetpack_sharing_enabled":true,"_links":{"self":[{"href":"https:\/\/mglashes.ca\/distribution\/wp-json\/wp\/v2\/product\/1222","targetHints":{"allow":["GET"]}}],"collection":[{"href":"https:\/\/mglashes.ca\/distribution\/wp-json\/wp\/v2\/product"}],"about":[{"href":"https:\/\/mglashes.ca\/distribution\/wp-json\/wp\/v2\/types\/product"}],"replies":[{"embeddable":true,"href":"https:\/\/mglashes.ca\/distribution\/wp-json\/wp\/v2\/comments?post=1222"}],"wp:featuredmedia":[{"embeddable":true,"href":"https:\/\/mglashes.ca\/distribution\/wp-json\/wp\/v2\/media\/1223"}],"wp:attachment":[{"href":"https:\/\/mglashes.ca\/distribution\/wp-json\/wp\/v2\/media?parent=1222"}],"wp:term":[{"taxonomy":"product_brand","embeddable":true,"href":"https:\/\/mglashes.ca\/distribution\/wp-json\/wp\/v2\/product_brand?post=1222"},{"taxonomy":"product_cat","embeddable":true,"href":"https:\/\/mglashes.ca\/distribution\/wp-json\/wp\/v2\/product_cat?post=1222"},{"taxonomy":"product_tag","embeddable":true,"href":"https:\/\/mglashes.ca\/distribution\/wp-json\/wp\/v2\/product_tag?post=1222"}],"curies":[{"name":"wp","href":"https:\/\/api.w.org\/{rel}","templated":true}]}}