{"id":1177,"date":"2023-01-24T15:34:42","date_gmt":"2023-01-24T20:34:42","guid":{"rendered":"https:\/\/mglashes.ca\/distribution\/?post_type=product&#038;p=1177"},"modified":"2026-02-11T16:38:05","modified_gmt":"2026-02-11T21:38:05","slug":"300-ligne-noire","status":"publish","type":"product","link":"https:\/\/mglashes.ca\/distribution\/produit\/300-ligne-noire\/","title":{"rendered":"300 Ligne Noire"},"content":{"rendered":"","protected":false},"excerpt":{"rendered":"<p>La pince\u00a0 300\u00a0 vient de faire peau neuve&#8230; encore ! Cette fois, nous lui avons donn\u00e9 le look embl\u00e9matique de la \u00ab\u00a0petite robe noire\u00a0\u00bb.<\/p>\n<p>La m\u00eame pince \u00e0 \u00e9piler que nous connaissons et aimons maintenant dans un style noir \u00e9pur\u00e9 et \u00e9l\u00e9gant.<\/p>\n","protected":false},"featured_media":1178,"comment_status":"open","ping_status":"closed","template":"","meta":{"_et_pb_use_builder":"","_et_pb_old_content":"","_et_gb_content_width":""},"product_brand":[],"product_cat":[257,207],"product_tag":[],"class_list":{"0":"post-1177","1":"product","2":"type-product","3":"status-publish","4":"has-post-thumbnail","6":"product_cat-lash-artisan","7":"product_cat-pinces","8":"product_shipping_class-forfait","10":"first","11":"outofstock","12":"taxable","13":"shipping-taxable","14":"purchasable","15":"product-type-simple"},"jetpack_sharing_enabled":true,"_links":{"self":[{"href":"https:\/\/mglashes.ca\/distribution\/wp-json\/wp\/v2\/product\/1177","targetHints":{"allow":["GET"]}}],"collection":[{"href":"https:\/\/mglashes.ca\/distribution\/wp-json\/wp\/v2\/product"}],"about":[{"href":"https:\/\/mglashes.ca\/distribution\/wp-json\/wp\/v2\/types\/product"}],"replies":[{"embeddable":true,"href":"https:\/\/mglashes.ca\/distribution\/wp-json\/wp\/v2\/comments?post=1177"}],"wp:featuredmedia":[{"embeddable":true,"href":"https:\/\/mglashes.ca\/distribution\/wp-json\/wp\/v2\/media\/1178"}],"wp:attachment":[{"href":"https:\/\/mglashes.ca\/distribution\/wp-json\/wp\/v2\/media?parent=1177"}],"wp:term":[{"taxonomy":"product_brand","embeddable":true,"href":"https:\/\/mglashes.ca\/distribution\/wp-json\/wp\/v2\/product_brand?post=1177"},{"taxonomy":"product_cat","embeddable":true,"href":"https:\/\/mglashes.ca\/distribution\/wp-json\/wp\/v2\/product_cat?post=1177"},{"taxonomy":"product_tag","embeddable":true,"href":"https:\/\/mglashes.ca\/distribution\/wp-json\/wp\/v2\/product_tag?post=1177"}],"curies":[{"name":"wp","href":"https:\/\/api.w.org\/{rel}","templated":true}]}}